14 = -10. Suppose -2*s - 20 = -k*s. Suppose 0 = -3*v - s*j + 206, 4*j = 5*j + 5. What are the prime factors of v?
7, 11
Let y(o) = 5*o - 68. Let d(f) = 2*f - 23. Suppose -4*i - 29 = -n, 2*n + 3 - 22 = -5*i. Let c(j) = n*d(j) - 6*y(j). List the prime factors of c(7).
3, 5
Let x(f) = 133*f - 19. Let n be x(2). What are the prime factors of n/((1/9)/(24/108))?
2, 13, 19
Let i = 9888 + 2516. What are the prime factors of i?
2, 7, 443
Let c = -65 - -67. Let m(d) = d**2 - 7*d + 6. Let a be m(c). What are the prime factors of 0 + a/(-2) + 49?
3, 17
Suppose -15*g - 1524 = -50709. Suppose 1968 + g = 9*f. What are the prime factors of f?
11, 53
What are the prime factors of 16105 + 50/(-5) + (-5 - (-5 + 6))?
3, 31, 173
Suppose -n + 56 = 3*n - v, 4*v + 16 = 0. What are the prime factors of ((6 - n) + 6)*-40?
2, 5
Suppose -3*b = -4*r - 5, -5*b + 3*r = -4*b. Suppose b*f = 47 - 38. What are the prime factors of 1 - (-27*f + 1)?
3
Suppose 28 = 5*p - 3*n, 3*p + 5*n = 2*p. Let a(m) = 2*m + 2 + 6 + m**3 - 4*m**2 + p*m. List the prime factors of a(6).
2, 61
Let o = 127 - 142. Let g be (-25)/10*24/o. What are the prime factors of 1*((-177)/(-3) + g + 0)?
3, 7
Let j be (530/(-212))/((-7)/(-6) + -1). List the prime factors of 6/j + 7068/20.
353
Suppose 3*b = 2665 + 836. Let f = b - 829. List the prime factors of f.
2, 13
Suppose -15*h = 13735 - 46480. List the prime factors of h.
37, 59
Suppose -8*u + 5*p + 738 = -4*u, p = 2*u - 372. Let b = 409 - u. What are the prime factors of b?
2, 3, 37
Suppose 2*y - h - 10 = -1, 2*h = 3*y - 13. Let m be -5*2/25*y. List the prime factors of 70 + (0 - 2) + m.
2, 3, 11
Suppose 16*w - 34729 - 12825 - 58510 = 0. What are the prime factors of w?
7, 947
Let w be -1 + -1188 + -25 + 26. Suppose 41 - 11 = 3*h. List the prime factors of (-4)/h - w/20 - -1.
2, 3, 5
Let d = -10 + -3. Let s(f) = 7*f**2 + 9*f - 24. What are the prime factors of s(d)?
2, 521
Let a(z) = 3*z**3 + z**2 - 4*z + 12680. What are the prime factors of a(0)?
2, 5, 317
Let v = -35083 + 131528. What are the prime factors of v?
5, 19289
Let g be (12/3)/(140/(-525)). List the prime factors of 1528 + g/(-5) - -2.
3, 7, 73
Let r(h) = -5*h + h**2 - 2*h**2 - 4*h - 13 + 39*h**2. What are the prime factors of r(-4)?
631
What are the prime factors of (24388/312)/((-6)/(-1044))?
7, 29, 67
Suppose -3*y - 3*x + 16 = -2, 3*y = -2*x + 23. Suppose 3465 = 5*m - 5*u, -8*m + 4*u = -y*m + 2058. List the prime factors of m.
2, 3, 5, 23
Let g = -3 - 1. Let w be ((-80)/60)/(0 + g/6). What are the prime factors of 0/(-4) + w - -49?
3, 17
Let d(n) = 14*n**3 + 2*n**2 + 5*n + 2. Suppose 7*l - 6 = 13*l. Let a(h) = -h**3. Let r(s) = l*d(s) - 6*a(s). What are the prime factors of r(-3)?
211
Let h(z) = 28*z**2 - 21*z + 130. List the prime factors of h(9).
47
Suppose -3*i = -3*u - 222, -11 = -3*u + 2*i - 229. Let h be 39/(-7) - (-30)/u. List the prime factors of (-75)/h - (-4 + 9/2).
2, 3
Let v = -42 + 45. Suppose -v*g = -0*n - 4*n + 14, -3*n + 15 = 0. Suppose -152 - 264 = -5*f - 4*y, 0 = 4*f + g*y - 334. List the prime factors of f.
2, 3, 7
Let m(n) = -129*n**3 - 49*n**2 - 140*n - 11. What are the prime factors of m(-6)?
7, 3847
Suppose -2*f + 10 = 2*t, -2*t - f = -0*f - 10. Let l(h) = -h**3 + 2*h + 1. Let m be l(-1). Suppose m = t*n + n - 222. List the prime factors of n.
37
Let b(u) = -2*u**3 - 65*u**2 + 85*u + 320. What are the prime factors of b(-34)?
2, 449
Suppose -657*h - 65 = -670*h. Suppose -h*f + 3 = -12*r + 11*r, 25 = 5*f. List the prime factors of r.
2, 11
Let c(z) = -z**3 - 5*z**2 + 6*z + 4. Let u be c(-6). Suppose 0 = 4*n - u*g - 2336, -25*n - 4*g - 590 = -26*n. List the prime factors of n.
2, 3, 97
Let o(k) be the third derivative of k**5/10 - k**3/3 - 5313*k**2 + 2. Let b(g) = -g**3 - g**2 - 2. Let a be b(0). What are the prime factors of o(a)?
2, 11
Let u(r) = 2*r - 9. Let t(v) = -2*v + 8. Let n(f) = -4*t(f) - 3*u(f). Let b be n(5). Let q(k) = k**3 + 2*k**2 - 9*k + 6. List the prime factors of q(b).
2, 17
Let q = -118 + 121. Suppose u - 3*s = -2*s + 297, 301 = u + q*s. What are the prime factors of u?
2, 149
Let w(h) = -6*h**2 + 51*h - 22. Let m be w(8). What are the prime factors of m*(1816/16 - -5)?
3, 79
What are the prime factors of (33010/(-8))/(150/(-360))?
3, 3301
Let w(m) = -18715*m + 4599. List the prime factors of w(-3).
2, 3, 2531
Suppose 43*n - 386 - 1 = 0. Let y(r) = 14*r**2 + 6*r - 83. What are the prime factors of y(n)?
5, 13, 17
Suppose 8*s - 7*s = -44. Let g be ((-6)/21 + s/(-56))*4. What are the prime factors of g - 40*-2 - 3?
79
Let p = 19 + -9. Let q be (35/p + -4)/((-2)/16). What are the prime factors of 0 - q/(-14) - (-852)/7?
2, 61
Let c(t) = -4*t**3 - 6*t**2 + 5*t. Let y be c(-5). Suppose 2*d - y = 161. What are the prime factors of d?
3
Let s(g) = g**2 - 2*g + 15. Let b be (-38)/(-57)*(-3)/2*0. Let i be s(b). Suppose 4*n - 3*z - z = 56, 0 = -3*z + i. What are the prime factors of n?
19
Let t be 100*(-15)/(-50)*5. Suppose t*n = 155*n - 1950. What are the prime factors of n?
2, 3, 5, 13
Let q be 7*(-8)/(-56) - -10646. Suppose 0 = -17*n + 6302 + q. What are the prime factors of n?
997
List the prime factors of (-1)/(1/(-23523)) + 20/(-160)*40.
2, 11, 1069
Let r = -411 - -415. Suppose -4*h - 6 = -6*h + r*a, 2*h - 18 = -2*a. List the prime factors of h.
7
Suppose i - 318 = -2*j, 5*j = -3*i + 720 + 238. Suppose d - 5*l - 188 = 0, 4*d - i - 470 = -2*l. Let m = d - 69. List the prime factors of m.
3, 43
What are the prime factors of 3/(-9)*(-8 + -35950)?
2, 13, 461
Suppose p - 3920 = 3*m - 1185, -4*m + 8179 = 3*p. Suppose 6*t - 5*t - 686 = -3*x, 4*t - 3*x = p. What are the prime factors of t?
683
Let n(j) = 10*j - 25. Let c be n(-18). Let p = 321 + c. Let y = -37 + p. What are the prime factors of y?
79
Let r(c) be the second derivative of -c**5/10 + c**4/3 + 11*c**3/3 + 11*c**2/2 + 43*c. What are the prime factors of r(-6)?
5, 7, 13
Suppose -257*w = -250*w - 63063. Suppose w = 7*z - 252. What are the prime factors of z?
3, 7
Suppose -7*q + 8*q + 5*x = -12, -2*q - 5*x = 9. Suppose -r + 0*r = a - 398, q*r - 4*a - 1215 = 0. What are the prime factors of r?
401
Let u = 3493 - 2602. List the prime factors of u.
3, 11
Suppose 6*y + 28812 = -0*y. List the prime factors of -1 - (-19)/((-133)/y).
5, 137
Let g(u) = -797*u + 2. What are the prime factors of g(-11)?
3, 37, 79
Suppose 5*q = 2*i + 1034, -2*i = -i - 2*q + 519. Let s = 781 + i. What are the prime factors of s?
2, 127
Let u = 8897 - -15841. What are the prime factors of u?
2, 3, 7, 19, 31
Let t = -326 + 329. What are the prime factors of 3*(-5)/t*-46?
2, 5, 23
Suppose 226*x = -97*x + 5422201. What are the prime factors of x?
16787
Let j(x) = 27 - 4797*x + 85*x**2 + 4821*x + 24. List the prime factors of j(-2).
7
Let y = 39 + -18. Let z be (20 - y) + (0 - 15). What are the prime factors of (z - -3)*(-2 - 1)?
3, 13
List the prime factors of (4 - 70/18) + (-2174756)/(-36).
2, 5, 7, 863
Let h = -11 - -23. Suppose 0 = -5*w + h*w + 28. Let z(x) = -2*x**3 - 4*x**2 - 7*x + 4. What are the prime factors of z(w)?
2, 3
Let t(o) = -o**3 - 3*o**2 - 2*o - 16. Let l(q) = q**3 - 4*q**2 + q**3 - 7*q**3 - 1 + q + 2*q. Let i be l(1). What are the prime factors of t(i)?
2, 97
Let j = 104 - 103. Let h be j/(0 + 5/20). Suppose h*k - 5 = g, 3*k - 9 = 2*g - 3*g. What are the prime factors of k?
2
Suppose 168120 = -1482*j + 1494*j. List the prime factors of j.
2, 3, 5, 467
Let c(h) = 14*h - 6. Let i be c(5). Let j = 14862 - 14900. Let l = j + i. What are the prime factors of l?
2, 13
Let k(v) = v**3 + 1. Let a(w) = -5*w**3 + 19*w**2 - 25*w + 28. Let s(j) = -a(j) - 4*k(j). Let f be s(18). Let b = f + -46. What are the prime factors of b?
2, 3
Let d(n) be the first derivative of 26/3*n**3 + 1/4*n**4 - 32*n - 11 - 59/2*n**2. What are the prime factors of d(-28)?
2, 13
Suppose -10*m - 4*m = -56. Suppose 2*c + 3 = -o - 2, -c - m*o - 20 = 0. Suppose c = 2*j - 5*g - 34, 3*j = -5*g - 0*g + 76. List the prime factors of j.
2, 11
Suppose 0 = n - 4*g - 190 - 5783, 5*n - 5*g = 29985. What are the prime factors of n?
5, 1201
List the prime factors of ((-306)/85)/((-18)/(-107040)*-4).
2, 3, 223
Let x be ((-984)/(-15))/(3/((-240)/(-4))). Suppose x = -9*s + 8*s. What are the prime factors of (7/(-5) - -1) + s/(-5)?
2, 131
Suppose -28*u - 15270 = -23